et z be i(-19). Let f(b) = -23*b - 99. Calculate the remainder when 207 is divided by f(z).
15
Suppose 4*f - 4*a = 3552, -f - 1800 = -3*f - a. What is the remainder when f is divided by 58?
26
Let y = -755 - -945. Calculate the remainder when y is divided by 8.
6
Let l(b) = -b + 6. Suppose -34 = -4*f + 2*i, f - 86 = 5*i - 73. Calculate the remainder when f is divided by l(4).
0
Suppose 43 = 3*w - 68. Suppose -219 = 11*z + 441. Let v = 68 + z. Calculate the remainder when w is divided by v.
5
Suppose 0 = -13*o + 16*o - 4*f - 9323, 2*o = -5*f + 6269. What is the remainder when o is divided by 16?
13
Let k = -412 + 831. Calculate the remainder when k is divided by (638/33 + -20)/((-5)/210).
27
Let u be (-10 - -8)*(-22)/4. Suppose 8*z = u*z - 207. Suppose 0*s = -3*s + 5*h + 52, 5*s + 2*h - 128 = 0. What is the remainder when z is divided by s?
21
Suppose -2*u - 4*i = -20, 5*u - 3*i = 2*i + 80. Suppose -r + 120 = 15. Let d = -54 + r. Calculate the remainder when d is divided by u.
9
Let a(h) = h**2 + 3*h - 8. Let j be a(5). Suppose 6*x - 106 - j = 0. Suppose 2 = s, -3*s = 3*m + s - x. What is the remainder when 39 is divided by m?
4
What is the remainder when (1 + -2)*10/4*-30 is divided by (6/(-8))/(48/(-384))?
3
Calculate the remainder when -6 + -2 + (12 - (13 + -589)) is divided by 73.
69
Suppose 3*h = -2*v - h + 24, -3 = -h. Suppose 12 = q - v. Suppose -85*p + 4866 = 446. What is the remainder when p is divided by q?
16
Suppose 55*d + 201 = 3*v + 58*d, 2*d + 79 = v. Calculate the remainder when 453 is divided by v.
27
Suppose 46*j = 43*j + 69. Calculate the remainder when 1906 is divided by j.
20
Let d(n) = n**2 - 4*n + 12. Let u be d(5). Let p = u - 50. Let m = p - -46. What is the remainder when 25 is divided by m?
12
Let t(c) = -15*c + 54. Suppose q - 3 = -0, 5*q = -a + 17. Let s(f) = 3*f - 11. Let y(z) = a*t(z) + 11*s(z). Calculate the remainder when 11 is divided by y(6).
1
Let n be 42*3/(-12)*(-8)/(-6). Suppose -2*w + 4*o + 20 = 0, -3*w + 6*w - 38 = 2*o. What is the remainder when n/21 + (-124)/(-6) is divided by w?
6
Calculate the remainder when (6838/130 + -15)/(-2 - (-144)/70) is divided by 165.
163
Let d(m) = -2*m**2 - m - 3. Let b(a) = 4*a**2 + 4*a + 5. Let h(c) = -4*b(c) - 9*d(c). Calculate the remainder when h(-5) is divided by 19.
16
Let z = -121 - -145. Calculate the remainder when 4/z*3*188 is divided by 21.
10
Suppose o - 3*d - 32 = 0, 2*o - 2*d - 29 = -3*d. Let g be (-9)/(-6) - 2 - (-14)/(-4). What is the remainder when o is divided by 5 + 6/(g + 7)?
3
Let d = -1517 + 1825. Calculate the remainder when d is divided by 9.
2
Let s(h) = 79*h**2 + 35*h + 74. Calculate the remainder when s(-2) is divided by 105.
5
Suppose -112*a + 1105 = -117*a. Let l = a - -256. What is the remainder when l is divided by (-15)/(2 - (-14)/(-4))?
5
Suppose -389*t = -379*t - 3310. Calculate the remainder when t is divided by 37.
35
Let y be (2 + (-21)/9)*-6. Suppose -y*h - 6 = -5*u, -2*h + 5 + 29 = 5*u. What is the remainder when h is divided by 17/(-2)*114/(-323)?
1
Let s(v) = v**2 + 264*v + 1849. Suppose u - 6*u - 5 = 0. Let r(b) = -12*b + 1. Calculate the remainder when s(-7) is divided by r(u).
11
What is the remainder when (-66)/(-6)*(110 - 17) is divided by 114?
111
Calculate the remainder when 1696 is divided by (-3 + 548/(-20))*(-88)/(-16)*-5.
24
What is the remainder when 4090 is divided by (-12)/(-66) + (-9)/(-11) - -10?
9
Calculate the remainder when 4939 is divided by (-145)/(-9) - 9*9/729.
11
Let o(y) = y + 113. Let a be (-63)/(-49) - (-4)/(-14). Let r be -3 + a - (-2 - 0). What is the remainder when o(r) is divided by 23?
21
Suppose 8*i + 3*i - 626 = 78. What is the remainder when i is divided by 15?
4
Suppose -8*v = -0*v - 4312. Suppose 287 = -7*t + v. What is the remainder when 431 is divided by t?
35
Let g = -374 + 372. Let q(u) = -48*u - 60. Calculate the remainder when q(g) is divided by 14.
8
Let r(d) = -2*d**2 - 123*d - 406. What is the remainder when 5455 is divided by r(-57)?
105
Let b(d) = 8*d**2 + d - 2. Let n be b(-2). Let w = -27 + n. Calculate the remainder when 24 - (0 + w - 5) is divided by 6.
4
Suppose -2*z + 3*s + 25 = -0*s, -2*z = -s - 23. Let q = -12 + 114. What is the remainder when q/3 + (-2 - 1) is divided by z?
9
What is the remainder when 829 is divided by 784/21*((-252)/24 + 12)?
45
Suppose -2 = r + 2, p + 2*r - 65 = 0. Let l = -28878 + 28903. What is the remainder when p is divided by l?
23
Let g = 10707 - 10694. Let l(a) = -a**2 - 1 - 11*a + 78*a**3 + 13*a - a**2. Calculate the remainder when l(1) is divided by g.
12
Let s(d) = 2*d**2 - 290*d + 1691. Calculate the remainder when 91 is divided by s(6).
22
Let m = -96 + 76. Let g be ((-132)/(-8))/(-11)*(-2 + m). Suppose 34*l - g*l = 90. What is the remainder when l is divided by 13?
12
Let n(z) = 6*z**2 + 30*z - 79. Calculate the remainder when 543 is divided by n(-7).
3
Let z = 39 - 3. Let w(s) = 4*s + 6 - z + 10. What is the remainder when 22 is divided by w(8)?
10
Calculate the remainder when 10157 + 12*(-120)/(-288) is divided by 113.
105
Suppose -77*g + 58397 = 4959. What is the remainder when g is divided by 100?
94
Suppose -11*v - 18*v = 290. Calculate the remainder when 142 is divided by -13 + 33 - (-1)/2*v.
7
Suppose 0*h + h = -5, -209 = -4*y + h. Suppose -24 = -4*x + 2*j + 14, -x = -2*j - 2. What is the remainder when 1/(17/y*(-3)/(-46)) is divided by x?
10
Suppose -5*w + 10890 = 5*w. Let p be 1/((-20)/(-16) + -1). Suppose w = p*m + 7*m. What is the remainder when m is divided by 25?
24
Let g = 21 - 19. Let o be -2 + (g/(-3))/(1/(-213)). Let n = -59 + o. What is the remainder when n is divided by 21?
18
What is the remainder when (-21 - -60)/(((-21)/(-58))/7) is divided by 84?
82
Let f(o) = 5*o**2 - 15*o + 32. What is the remainder when f(4) is divided by 14?
10
Let p(h) = -5*h - 3*h + 2*h**2 - 3*h**2 + 25*h + 40. What is the remainder when 18 is divided by p(19)?
0
Suppose 70 = 2*b + 4*x, 142 = -0*b + 5*b - x. Suppose t - 2 = 0, 3*o - 5*t = -0*o + b. What is the remainder when 36 is divided by o?
10
What is the remainder when 1484 is divided by 468/10 + (-1062)/590?
44
Let d be (5 + -7)/((-896)/(-450) + -2). Suppose -2*b + 115 = x, 2*x + d = 4*b - x. Suppose 10 = -n + b. Calculate the remainder when n is divided by 17.
13
What is the remainder when ((-1)/(-2))/((-208)/(-243776)) is divided by 19?
16
Calculate the remainder when 3391 is divided by ((-3)/24)/(4173/696 - 6).
27
Suppose 16*b = 43390 + 10450. Calculate the remainder when b is divided by 13.
11
Let d be (7/(-3) - -4)*3. Suppose u - 5*u = 20, u + 10 = -d*y. Let w(h) = h + 3. What is the remainder when 18 is divided by w(y)?
0
Let s(f) = f**3 + f**2 - f + 12. Let q be s(0). Suppose -4*i + 36 = 4*r, 2*i = -2 + q. What is the remainder when 14 is divided by r?
2
Let g(q) = 21*q**3 + 2*q**2 - q. Let l(x) = -2*x**3 - 154*x**2 + 6*x + 468. What is the remainder when g(1) is divided by l(-77)?
4
Let x = -23734 + 27396. Calculate the remainder when x is divided by 99.
98
Let o(i) = 146*i + 10 - i**2 - 257*i + 125*i. Calculate the remainder when 341 is divided by o(11).
40
Let g be (-112)/(-70)*((-70)/4)/7. Let d(c) = -3*c**3 - 2*c**2 + 8*c + 20. What is the remainder when d(g) is divided by 20?
8
Let p(s) = 2*s**2 + s - 7. Let m be p(5). Let z = -31 + m. Calculate the remainder when (-2 - (268/(-2) + 0))*1 is divided by z.
13
Let o = -15 - -30. Suppose 0 = 3*p - 18, 7*t - 2*t - 2*t - 477 = -5*p. Calculate the remainder when t is divided by o.
14
Suppose -n = 3*f - 2229, 2*n = f + 2444 + 2000. Suppose -24*h = -5*h - n. Let y = 23 + 7. Calculate the remainder when h is divided by y.
27
Let r = -562 - -562. Let a(f) = 2*f**3 - f**2 - f + 431. Calculate the remainder when a(r) is divided by 54.
53
Let h = -4 + 55. Let b = -79 - -82. Suppose 2*g + 5*c - 43 = g, -b*g + 2*c + 44 = 0. Calculate the remainder when h is divided by g.
15
Let i = 1626 + -1479. Calculate the remainder when 879 is divided by i.
144
Suppose -39*c + 847 = -167. What is the remainder when ((-9)/5)/(c/(-780)) is divided by 14?
12
Let t = -462 - -524. What is the remainder when 206 is divided by t?
20
Let z(x) = -2*x**2 + 12*x - 89. Let c be z(8). Let h = 225 + c. What is the remainder when h is divided by 29?
17
Suppose -2772 =